pose -3*h = -2*a + 4, 0 = -5*h - 0*h. Suppose 2 = -a*c - 2. Is (c - 0)*(-62)/4 a composite number?
False
Let u = -4112 - -5933. Suppose 5*d - u = -y, 7*y - 2*y = 2*d + 8997. Is y prime?
True
Let q = -2004 + 7815. Let n = q - 4015. Suppose -6*m + n = -2*m. Is m a composite number?
False
Let q = 7 - 2. Suppose 3*d + 2*k = -53, q*k = d + 9 + 3. Let p = 102 + d. Is p prime?
False
Let t(k) = 999*k**2 + 74*k - 311. Is t(4) a prime number?
False
Let v(t) = -315*t**3 - t**2 + 6*t + 9. Is v(-2) a prime number?
False
Suppose -53*j + 1143194 + 623985 = 0. Is j prime?
True
Let v(z) = z**2 + 5*z - 1. Let l be v(-6). Let h = l - 3. Is (-58)/4*h*-7 composite?
True
Let f(g) = -g**2 + 6*g - 5. Let x be f(3). Suppose -p + 849 = -x*q + 6*q, 5*q = 2*p - 1653. Is p prime?
True
Let r(p) = -p + 7. Let y be r(3). Suppose -3*o - y*g = -134 - 293, o + 5*g - 157 = 0. Let m = 342 - o. Is m prime?
False
Let q = -1075 + 5397. Is q a prime number?
False
Let j(f) be the second derivative of 29*f**5/10 - f**4/12 + f**3/6 - 11*f. Is j(1) a composite number?
True
Let c be -8 + 9 - (0 - -1). Is (-185)/((3 - 4) + c) a composite number?
True
Suppose -4*g + z = 3*z - 32, 20 = 5*z. Suppose -4*t - 12 = 2*u, 3*u = -2*t - 8 - g. Is 16 + -19 - (t + -61) prime?
True
Let q be (22 - (4 + -2)) + 0. Let a = -22 + q. Is (-32 + -2)*(a + 1) a composite number?
True
Let y(m) = -8*m**3 + 3*m**2 + 2*m + 3. Let x be y(3). Let l = 343 + x. Is l a prime number?
True
Let u(j) = 2*j**2 - 5*j. Let k be u(-10). Let p = k - 59. Is p prime?
True
Let w be 100*((-2)/(-4) - 13/52). Suppose -w*p = -23*p - 818. Is p a prime number?
True
Let g(k) = 9*k**2 - 10*k - 17. Suppose -f - 11 - 10 = -2*s, 5*f = 5*s - 60. Is g(s) a prime number?
False
Suppose 0 = 8*d - 2*d - 3828. Suppose 32 = 2*m + d. Let u = -12 - m. Is u composite?
True
Let d be (-1 + -1)*(-104)/(-16). Let b(t) = -16*t + 13. Is b(d) prime?
False
Let p be 4/(-14) + 8/28. Suppose p = 3*b - 59 - 34. Is b prime?
True
Let t = 3476 - 2262. Let a = 3157 - t. Is a a prime number?
False
Suppose -62231 = -5*i - 5*k + 113504, -8*i = k - 281176. Is i composite?
True
Suppose 236850 = -4*r + 34*r. Is r prime?
False
Is (7018662/(-63) - -16)/(4/(-6)) composite?
False
Suppose 0 = -4*b + 4*z - 7*z - 1, 9 = -3*z. Suppose 630 = y - 0*y + 3*s, -s + 1265 = b*y. Is y a composite number?
True
Suppose 4*p = 2*y + 5048, 3*p + y - 4983 = -1202. Suppose 7938 = -23*m + 14*m. Let s = p + m. Is s a prime number?
True
Suppose 0 = 3*w - 9, -5*r + w + 495 = 63. Is r a composite number?
True
Let i(t) = 5*t**3 - 4*t**2 + 5*t + 1. Let h(j) = -6*j**3 + 5*j**2 - 6*j. Let u(d) = -3*h(d) - 4*i(d). Let v = 345 + -348. Is u(v) a composite number?
True
Suppose -2*u + 3473 = 3*a - 6*a, 5*a + 8690 = 5*u. Is u a composite number?
False
Suppose -s + 697 = -2*j, -7*s - 2*j - 1398 = -9*s. Is s a prime number?
True
Let w(q) = -q**3 + 5*q**2 - q - 8. Let c be w(4). Suppose 0 = 3*u - m - 665, 0 = 8*u - 4*u - c*m - 892. Is u a composite number?
True
Suppose 3*r - 5545 = -48*y + 52*y, 4*r = y + 7389. Is r prime?
True
Suppose -5*d + 5*q + 1975 = 0, -4*d - 4*q = -6*d + 798. Suppose 4*b - 2*b + 378 = 0. Let s = d + b. Is s prime?
False
Let v = -3 + -27. Let c = v - -547. Is c a prime number?
False
Let s be (-16)/10*25/(-10). Suppose -5*x + 5 = -u - 10, s*x = -3*u + 31. Suppose 5*r = -x*k + 1116, -5*r = -3*k - 2*k + 1350. Is k a prime number?
False
Suppose 0*q = 2*q - 2522. Let z = q - 651. Suppose -18 = -4*i + z. Is i a composite number?
False
Let b(j) be the first derivative of -261*j**2/2 + 15*j + 5. Let i be b(-11). Suppose 3*o + 3*o - i = 0. Is o a prime number?
False
Let c = 28 + -28. Suppose c = -3*m - 5*f + 3802, -4*f + 3*f + 2523 = 2*m. Is m a prime number?
True
Let u = 38 - 36. Suppose -3*h + 237 = 3*y, -h = y - u*y + 87. Is y a prime number?
True
Let v = 38 - 33. Suppose r = 4*d + 51, 3*d - 347 = -v*r - 0*r. Let l = -12 + r. Is l a composite number?
True
Suppose 2*f - 1251 = 331. Suppose 0*m + j = 4*m - f, -2*m + 5*j + 373 = 0. Is m a composite number?
False
Let w be -2 + 2037 - ((-4)/(-1) - 2). Let p = w - 1054. Is p a prime number?
False
Suppose -5*p + 41 = 2*j - 12, -5*p - 17 = -3*j. Suppose 0*q - 2*q = 4*w + j, 5 = q. Is (w/(-5))/((-2)/(-55)) composite?
True
Suppose 2*q - m = 576, 5*q - 4*m + m = 1439. Is q a prime number?
False
Let o = 88 + -391. Let l = 382 - o. Is l a composite number?
True
Let u be (-6)/12*(-20)/2. Suppose -u*g - 37070 = -7895. Is g/(-12) + (-6)/(-8) a prime number?
True
Let t(u) = u - 17*u - 2 - 1 + 18. Is t(-5) composite?
True
Let l(u) = 2*u - 10. Let b be l(-5). Let i = 55 + b. Is i prime?
False
Suppose 0 = -2*d - 84 + 722. Is d composite?
True
Let j = 803 + 86343. Is j composite?
True
Let s(t) = t**3 + t + 164. Let w be s(0). Suppose -3*r = 2*f + 2*f - w, -4*r + 130 = 3*f. Is f a prime number?
False
Let d(s) = 2*s**2 - 11*s + 14. Let i be d(4). Suppose 18*p + i*p = 1480. Is p a composite number?
True
Let y = -17 + 36. Let r = y - 9. Suppose -r = -v + 1. Is v a prime number?
True
Suppose z + 4*m - m = -10, 22 = z - 5*m. Suppose 0 = 4*w + z*t - 2126, -3*w = -2*w + 5*t - 554. Is w a composite number?
True
Let s(j) = 2*j - 22. Let l be s(9). Let d(o) = o**2 + o + 1. Let v be d(5). Is 3/(-4) - v/l a prime number?
True
Let z = 55 - 51. Suppose 0*n = -z*n + 76. Is n a prime number?
True
Let h = 42 + -42. Suppose h = 15*k - 17*k + 998. Is k prime?
True
Let n be (5/30*-4)/((-4)/(-6)). Let b(f) = 853*f**2 + 3*f + 1. Is b(n) a prime number?
False
Let a be 8*(-1)/(-2 + 0). Let x(u) be the third derivative of u**6/20 + u**4/6 - u**3/2 + 2*u**2. Is x(a) a composite number?
False
Let w(a) = 120*a**2 - 17*a + 53. Is w(6) prime?
True
Let n = 3380 - 1981. Is n prime?
True
Let l = 11 - 5. Suppose -p - l = -5*f, -4*p = -5*f - 2*p + 2. Let o(t) = 11*t**3 + 4*t - 3. Is o(f) a composite number?
True
Suppose 0 = 3*z + 3*z + 312. Is ((-5291)/z)/((-2)/(-8)) prime?
False
Suppose -1958 - 5935 = -9*p. Is p a composite number?
False
Suppose -3*j + 194 = -325. Let o(i) = -28*i - 2. Let y be o(4). Let b = y + j. Is b prime?
True
Let b = 16651 + -11804. Is b a composite number?
True
Is (-552496)/(-3) - ((-352)/(-66) + -5) prime?
False
Suppose 3*t = 2*t + 4*u, -3 = t - u. Let s = -7 + t. Is s/22*4*-71 a prime number?
False
Let g(p) = -p**2 + 2*p + 121. Let z be g(0). Let x = z - -56. Is x a prime number?
False
Let d(q) be the second derivative of -q**6/120 + 7*q**5/60 - 7*q**4/24 - q**3/6 + 5*q**2/2 - 4*q. Let c(s) be the first derivative of d(s). Is c(5) prime?
False
Suppose 2*a - 5656 = c, -273 = -a - 4*c + 2537. Suppose -a = -8*w - w. Is w prime?
False
Is (-655497)/(-51) + 0 + 22/187 prime?
True
Suppose 5*f = -3*a + 6, -a + 5*f + 2 = f. Suppose -2*b = -4*d - 496, -a*d = 2*b - 194 - 284. Let v = b - 39. Is v a composite number?
True
Suppose -2*p - z + 9 = 4, 5*p + 5*z - 25 = 0. Is 1 + p + 742/(-4)*-4 composite?
False
Suppose 2*v + 37218 = 2*f, 5*f + 37137 = -3*v + 130166. Is f prime?
False
Suppose 3*m - 782 = 1645. Suppose -2*g + 761 = -m. Is g prime?
False
Let v = 268 - -246. Let a = v - 255. Is a prime?
False
Suppose 0 = -5*q + h - 474, 0*q - 454 = 5*q + 4*h. Let j(m) = 11*m**2 + 4*m + 13. Let g be j(-4). Let t = q + g. Is t a prime number?
True
Suppose 2*o = -2 + 8. Suppose 0 = o*z + 124 - 1543. Is z a composite number?
True
Let k(w) = 15*w**2 + 2*w - 1. Let c be k(1). Let h = 10 - c. Let r(t) = t**2 - 2*t - 5. Is r(h) composite?
False
Let w(f) = -f**3 + f**2 + f + 184. Let b be w(0). Suppose -u = -2*p + 97, -5*u - 477 = -4*p + 2*p. Let x = b + u. Is x composite?
False
Suppose 0 = 5*q - q - 3*h + 70, -2*q - 3*h - 44 = 0. Let g be 2*(-4)/(-8) - q. Suppose 0 = x + 3 - 0, 2*x = 2*p - g. Is p a composite number?
False
Let z(q) = 2*q - 4. Let s be z(4). Suppose 0 = -s*g + 1 + 7. Suppose -g*b + 3*w = -357 + 62, 4*w + 145 = b. Is b a composite number?
False
Let l be 1 + (2 - 4 - -4). Is (0 - -199) + (7 - l) composite?
True
Let q = -2 - -4. Let f be ((-3)/q)/(1/(-818)). Let v = -860 + f. Is v prime?
True
Let w be 3/(-9)*(-5 + -4). Suppose -5*n - 13 = 4*x, w*n + 4 = -11. Suppose b - 1276 = -x*b. Is b a composite number?
True
Let r = 10646 + -5105. Is r prime?
False
Suppose -3*k + 96 = k. Suppose 0 = 3*s + 6, 2*q + 2*q - 5*s = 6758. Suppose 25*f - q = k*f. Is f a composite number?
True
Suppose -w - 3*w +